 + 4*q - 33. What is the remainder when w is divided by 11?
10
Let a(f) = -f**3 - 5*f**2 + f. Let m be -1 - -2 - (4 + 2). Let s be a(m). Let q(g) = g**3 + 6*g**2 + 3*g + 5. What is the remainder when q(s) is divided by 8?
7
Let x be (-1 - 2)*(-98)/6. Suppose x = -4*n + 153. Let s = -10 + 24. Calculate the remainder when n is divided by s.
12
Let q(c) = -c - 1. Let p be q(-7). Suppose -p*m + 4*m + 6 = 0. What is the remainder when 7 is divided by m?
1
Suppose 3*l + 2*k - 16 = -2*l, k = -5*l + 18. Suppose -3*u + l*r = u - 200, -r = 2*u - 106. What is the remainder when u is divided by 18?
16
Suppose -u + 4 = 5*w - 26, 3*u + w - 62 = 0. What is the remainder when 36 is divided by u?
16
Suppose 0 = -a - 3*a + 40. Calculate the remainder when (a - 0)*(-3 + 4) is divided by 0 + 3 + (-42)/(-7) + -5.
2
Suppose 3*b - 34 = 2*z, -4*b - 2*z = -34 - 16. Let j(v) = -5 + 15*v**2 - 16*v**2 + 16*v - 3*v. What is the remainder when b is divided by j(12)?
5
Let y = 3 + -1. What is the remainder when -2 + y - 28*-1 is divided by 15?
13
What is the remainder when 19 is divided by -3 - 0 - (-26 - -12)?
8
Let s be -1 + (1 + -5 - 3). Let q = s + 61. Let a = q + -27. Calculate the remainder when a is divided by 9.
8
What is the remainder when 63 is divided by 64/(-6)*39/(-26)?
15
Let r(j) = -j + 5. Let d be r(7). Let u be (d + 4)/(1/3). Calculate the remainder when 15 is divided by (-2 + u*1)*2.
7
Suppose 4*v - 15 = -p + 2, 0 = 3*p - v - 64. Let f(q) = -q**2 + 7*q + 6 - 3*q**2 + 5*q**2 - 2*q**2. Calculate the remainder when p is divided by f(7).
3
Suppose 33 = -4*h + 233. Suppose -3*u = -t - 65, 3*u = -2*t - 0*t + h. Let z = 2 + 5. Calculate the remainder when u is divided by z.
6
Let u(f) = 0 - 4*f + 2 - 1 + 3*f. What is the remainder when u(-7) is divided by 5?
3
Let v = -71 - -50. Suppose 0 = -3*q, 3*q + q + 72 = 2*w. Let f = v + w. What is the remainder when 58 is divided by f?
13
Let n(a) = -a**2 - 4*a. Suppose 7 = -m - 0*m. What is the remainder when m/(1*(-4)/4) is divided by n(-2)?
3
Let t = 31 - -21. What is the remainder when t is divided by 14?
10
Suppose 6*s - 30 = s. Let n(t) = -t**3 + 2*t**2 + 2*t - 1. Let j be n(-2). Suppose -d = -2*d + j. Calculate the remainder when d is divided by s.
5
Let b = 58 - 15. What is the remainder when b is divided by 23?
20
Suppose 2*n + 2*n - h - 102 = 0, -3*n = 4*h - 86. What is the remainder when 77 is divided by n?
25
Let s(v) = -v**3 - v**2 + 5*v + 2. Let o be s(-3). Suppose -3*l - o = -20. What is the remainder when 12 is divided by l?
2
Suppose -d - 1 = -2*j, -5*d - 5*j - 22 - 28 = 0. Let h = d - -15. Let w = 18 + 5. What is the remainder when w is divided by h?
7
Suppose g = -4*m - 4*g + 38, -5*g - 22 = -m. Let j be 73/(-2) + 2/(-4). Let l = j + 60. Calculate the remainder when l is divided by m.
11
Let y(b) = -b**3 + 6*b**2 - 4*b - 3. Calculate the remainder when 38 is divided by y(4).
12
Let i(s) = s**2 + 6*s - 9. Calculate the remainder when 32 is divided by i(-8).
4
Let g(i) = 2*i**3 + 6*i**2 + 3*i - 1. Let o(w) = 3*w**3 + 11*w**2 + 6*w - 1. Let q(r) = -5*g(r) + 3*o(r). What is the remainder when q(3) is divided by 3?
2
Calculate the remainder when 82/(30/5 + -4) is divided by 11.
8
Suppose -137 = -3*s + o, 0 = 5*s + 11*o - 16*o - 235. What is the remainder when 269 is divided by s?
44
Let l(o) = -3*o + 4*o - 17 + o + o. Let r be l(12). Suppose 0 = -0*m + m - r. Calculate the remainder when 37 is divided by m.
18
Let g be ((-7)/(-3))/((-5)/(-150)). Let i = -15 + g. Suppose 0 = -7*x + 2*x + 95. Calculate the remainder when i is divided by x.
17
Let f = 93 - 86. Calculate the remainder when 22 is divided by f.
1
Let v = 10 + 2. What is the remainder when 22 is divided by v?
10
Suppose 4*a - 7 - 5 = 0. Calculate the remainder when a is divided by 3.
0
Let r = 43 + -31. Calculate the remainder when r is divided by 9.
3
Let w = -11 + 21. Suppose 0 = -65*s + 58*s + 189. Calculate the remainder when s is divided by w.
7
Suppose -16*h = -12*h - 64. Calculate the remainder when 26 is divided by h.
10
Suppose 2 = v - 16. Calculate the remainder when 68 is divided by v.
14
Suppose 6 + 0 = 3*v. What is the remainder when (1 - -1)*(-39)/(-13) is divided by v?
0
Suppose 0 = -4*y + 84 + 20. Suppose 2*w + 2*l = -2*w + 34, 0 = 5*w + 5*l - 40. Calculate the remainder when y is divided by w.
8
Suppose 5*w - 12 = 2*w. Calculate the remainder when 17 is divided by w - ((-3 - -4) + -2).
2
Suppose 4*j - 12 = -4. Suppose f - 38 - j = 4*d, -d + 126 = 4*f. What is the remainder when f is divided by 11?
10
Let u = -6 - -33. Calculate the remainder when (1 + (3 - -22))*2 is divided by u.
25
Let s(t) = 2*t - 9. Let l be s(6). Suppose l + 4 = i. Let u = 20 - 1. What is the remainder when u is divided by i?
5
Let i(a) = a**2 + 4*a - 5. Let f be i(-5). Let z(w) = 5 - w**2 + 0*w + 0*w - w**3 - w. Calculate the remainder when z(f) is divided by 4.
1
Suppose 4*f - 17 = -5. Let q(a) = a**3 - 4*a**2 + 4*a - 1. Let r = -3 - -5. What is the remainder when q(f) is divided by r?
0
Let x = 53 - -120. What is the remainder when x is divided by 16?
13
Let h = 50 - 23. Let w = h + -5. Calculate the remainder when 64 is divided by w.
20
Let d = -7 + 8. Let z(r) = 8*r**2 + r. What is the remainder when 33 is divided by z(d)?
6
Suppose 4*k = f - 388, 0 = 3*f - k + 679 - 1898. Suppose 2*b + 101 = r, f = 5*r - 5*b - 72. What is the remainder when r is divided by 23?
22
Let y = -4 + 7. Suppose -5*s - 5 = -20. Suppose 5*r + 20 = y*j, -2*j + s*j + 4*r = 35. What is the remainder when 44 is divided by j?
14
Calculate the remainder when -11 + 13 - -7*1 is divided by 6.
3
Suppose 5 - 32 = 3*u. Let q be 30/(-4)*12/u. What is the remainder when 17 is divided by ((-2)/2 + q)/1?
8
Suppose 0 = l + l - 8. Suppose 4*k = 5*k - 4, 2*k = -l*a + 40. Let y = 23 - 9. What is the remainder when y is divided by a?
6
Calculate the remainder when 34 is divided by (-2706)/(-110) + 2/5.
9
Let s(h) = 3*h**2 + 3*h + 2. Let v be s(-2). Let m(a) = a**3 - 7*a**2 - 7*a - 2. What is the remainder when 11 is divided by m(v)?
5
Let i(q) = 4*q**2 + 3*q + 3. Let k(m) = -13*m**2 - 8*m - 8. Let h(r) = -11*i(r) - 4*k(r). What is the remainder when h(-3) is divided by 19?
17
Let n be 5 + 2*(-6)/4. Suppose i = 8 + n. Let o(c) = c**2 + 2*c - 7. What is the remainder when o(5) is divided by i?
8
Let k(h) = -5*h**3 - 5*h - 4. Calculate the remainder when k(-1) is divided by 4.
2
Let b(m) = m**2 - 6*m + 2. Let n(s) = -5*s**2 + 31*s - 11. Let z(d) = 11*b(d) + 2*n(d). What is the remainder when 12 is divided by z(5)?
2
Let a = -37 + 75. Let h = a - 19. Let r = -7 + 17. What is the remainder when h is divided by r?
9
Let h(j) = j**3 + 18*j**2 + 31*j - 14. Suppose 2*k - 23 = -5*f - 2, 5*f - 3*k - 6 = 0. What is the remainder when f is divided by h(-16)?
1
Suppose 5*z + 3*g - 3 + 1 = 0, 0 = 4*z + 2*g. Let h = 0 - z. Suppose h*l = 30 + 20. What is the remainder when l is divided by 9?
7
Suppose 16 = 4*v - 28. Calculate the remainder when v is divided by 3.
2
Let o = 48 + -31. What is the remainder when o is divided by 13?
4
Suppose -2*l + 45 + 6 = 5*y, -l + 4*y + 58 = 0. Calculate the remainder when l is divided by 20.
18
Let m = 21 + -8. Suppose 2*l - 6 = 5*k + 7, -2*k = -5*l + 22. Suppose 140 = l*b - 2*u, 2*b + 3*u - 62 = 6*u. Calculate the remainder when b is divided by m.
11
Let f be 4*-6*3/12. Let s(u) = -5*u + 2. Calculate the remainder when s(f) is divided by 17.
15
Suppose -4*x + 0 - 4 = 0. Let c = x + 3. What is the remainder when 7 is divided by ((-3)/(-2))/(1/c)?
1
Let c = -15 + 134. Calculate the remainder when c is divided by 11.
9
Suppose -c + 5 = -5*h - 0*h, c = -2*h + 5. Calculate the remainder when c is divided by 1.
0
Suppose -2*g - 7 = -71. Calculate the remainder when g is divided by 9.
5
Suppose 6*h = 2*h + 52. What is the remainder when h is divided by 4?
1
Suppose -3*z + 70 = -2*z. Let b = -12 + 24. Calculate the remainder when z is divided by b.
10
What is the remainder when 10 is divided by ((-2)/9)/(((-36)/(-6))/(-54))?
0
Let j be 1/2 + (-27)/6. Suppose 3*f = 4*l + 11, -f = 4*l + 2*f - 19. Calculate the remainder when (-3)/(j/(24/9)) is divided by l.
0
Let o be 6/(-9) - 762/18. Let w = -22 - o. What is the remainder when w is divided by 8?
5
Let f(n) = n - 4. Let x be f(5). What 